 16, -2*i + 2*n = 9 + 5. What is h(i)?
-5
Let x(d) = -d**2 - d. Suppose -2*w + 2 = 3*j - 1, 0 = -3*w. Let b(v) = -3*v**2 - 10*v - 9. Let y(q) = j*b(q) - 2*x(q). What is y(-6)?
3
Let i(q) = 5*q + 1. Let r = 10 + -12. Determine i(r).
-9
Suppose 3*s - 5*t - 14 = 15, -9 = -s + t. Let y(n) = n - 6. Calculate y(s).
2
Let y(n) = 4*n - 5. Let d(v) = -7*v + 11. Let p(h) = -3*d(h) - 5*y(h). Calculate p(0).
-8
Let b(q) = q**3 + 5*q**2 + 4*q + 1. Let a be b(-4). Let f(c) = 9*c**2 + c - 1. What is f(a)?
9
Let z(q) be the first derivative of q**4/12 - 5*q**3/6 - 3*q**2/2 + 2*q + 7. Let l(f) be the first derivative of z(f). Give l(6).
3
Let h(z) = z**3 - 2*z**2 - z + 2. Let f be 6/2*(-2 - (2 - 5)). Calculate h(f).
8
Let a(v) = -v**2 + 4. Let y(q) = 5*q**2 - 20. Let d be (-1 + (-3)/(-6))*4. Let i(c) = d*y(c) - 11*a(c). What is i(0)?
-4
Let p(j) = 4*j**3 - 1. Let u be p(1). Let w be u/(-1) - -1 - -2. Let q(k) = k - 3. Calculate q(w).
-3
Let h(p) be the first derivative of 0*p - 5/3*p**3 - 1/4*p**4 - p**2 + 5. Give h(-5).
10
Let b = -5 - -8. Suppose 0 = j + b*a + 6, -a = 2*j + 2 - 5. Suppose -n + 2*h = -0*h + 5, 0 = j*n + 3*h - 12. Let l(f) = 7*f**3 - 2*f**2 + f. Give l(n).
6
Let h(g) = -g**3 + 3*g**2 + g + 1. Suppose 0 - 6 = -y. Suppose 2*o = 5*j + 1, y = 3*o - j - 2. Let p be h(o). Let l(t) = t**3 - 3*t**2 - 5*t. Give l(p).
-4
Suppose 0*h = -4*h + 8. Let v(w) = -6 + w + 2*w - h*w. Suppose 5*a + 4*f = 42, f - 45 = -5*a - 4*f. What is v(a)?
0
Let g(n) = n - 17. Let o(s) = 8. Let h(x) = -6*g(x) - 13*o(x). Give h(-2).
10
Let t be 6/2*2/3. Let k = 59 - 55. Let w = k - t. Let z(v) = v**3 - v**2. Determine z(w).
4
Suppose 4*p = -3*w + 22, -p = -5*p - 2*w + 20. Let q(y) = y**2 + 2*y + 3. Calculate q(p).
27
Suppose 3*a - 15 = 2*m, -5*m - 17 = -5*a + 13. Let x(u) = u - 1. Suppose 2*z - 3 + 1 = 0. Let i(t) = -2*t + 2. Let n(j) = a*x(j) + z*i(j). Give n(-1).
-2
Let i(j) be the third derivative of -j**7/840 + j**6/72 - j**5/120 + j**4/12 - j**3/3 + 4*j**2. Let k(t) be the first derivative of i(t). Determine k(5).
-3
Let x be (-4)/(-6)*-3*7/14. Let d(l) = 4*l**2 + l + 1. Determine d(x).
4
Let f(j) = j**2 + 3*j - 67. Let w be f(-10). Let y(d) = -d + 9. Let l be y(7). Let n(p) = 3*p**2 - p**3 + 3 + 0*p**3 - l. Give n(w).
1
Let y(u) be the second derivative of u**4/12 - u**3/2 + 2*u**2 + u. Let i = 30 + -48. Let d = i + 21. What is y(d)?
4
Let j = 6 + -3. Suppose j*b = -9, 2*f - 15 = f + 5*b. Let h be (-4)/(-8)*(2 - f). Let o(s) = -7*s**3 + s**2 + s - 1. What is o(h)?
-6
Let f = -64 + 63. Let i(k) = -14*k**3 + k**2. Give i(f).
15
Let n(c) = 2 - 1 + 5*c + 0*c**2 + c**2. Suppose -5*i + i = 2*a + 2, -i = 2*a + 8. Give n(a).
1
Let u(f) = -f**3 + 7*f**2 - 8*f + 7. Let b be (10 - (-3)/(-3)) + -3. Calculate u(b).
-5
Let t be ((-5)/(-3))/((-4)/(-12)). Let a = 16 + -6. Suppose 4 = -y - b, 0 = -t*b - 15 - a. Let h(i) = 6*i**2 + i - 1. Give h(y).
6
Suppose -6 = -3*b - q, 2*b + 2*q = 3*q + 9. Let p(l) = -2 + 4*l + 1 - 5*l + l**b. Determine p(-1).
-1
Let h(i) = -8*i - 6. Let f(g) = 23*g + 17. Let y(d) = 3*f(d) + 8*h(d). Give y(3).
18
Let n(z) = z**3 + 2*z**2 - 1. Let m = -17 - -8. Let a(y) = y**3 + 9*y**2 - 6*y - 4. Let p be a(m). Let i be p/(-18) + (-10)/45. Give n(i).
-10
Suppose -2*z + z + 11 = 0. Let u = -1 - z. Let y(j) = -j**2 - 11*j + 7. Let t be y(u). Let s(g) = -g**3 - 4*g**2 + 5*g - 1. Calculate s(t).
-1
Let f(m) = -m**3 - 3*m**2 + 2*m + 4. Let v be f(-3). Let a(b) = -b**2 + b + 2. Determine a(v).
-4
Let i(t) be the first derivative of -t**2 - 3*t - 20. What is i(-3)?
3
Let m(j) = -j**3 + 6*j**2 - j - 3. Suppose 5*w - 3*k - 27 = 0, -4*w + 3*k = -7*w + 21. What is m(w)?
-9
Let i(n) be the third derivative of 1/60*n**5 + 0*n + 0 - 5*n**2 + 1/6*n**3 + 0*n**4. What is i(-2)?
5
Suppose -2*a + 6*a = -4. Let b(h) = h**3 + 7*h**2 + 5*h + 7. Let o(k) = k**2 + k + 1. Let z(n) = a*b(n) + 6*o(n). Give z(-2).
1
Let v(i) = 3*i**2 - 4. Let q = 14 - 17. Determine v(q).
23
Let l(b) = -b**2 + b - 1. Let s(n) = -4*n**2 + 4*n - 3. Let h(u) = -2*l(u) + s(u). Let o = -11 - -13. What is h(o)?
-5
Let p(u) = -u**3 - 3*u**2 + 3*u + 2. Let q(i) = -i**2 - 8*i - 12. Let s be q(-8). Let w(h) = -h**2 - 13*h - 15. Let l be w(s). Determine p(l).
-7
Let h(p) = -8*p**3 - 2*p**2 - p. Let u be h(-1). Let y(k) = k - 1. Give y(u).
6
Let d(k) = -k**2 + 6*k - 1. Let t(n) = n - 2. Let j be t(7). Give d(j).
4
Let r(z) = -7*z. Let a(h) = -64*h. Let f(n) = 6*a(n) - 56*r(n). Calculate f(-2).
-16
Let c = -16 - -26. Suppose 0 = -d + 3*r - 11, 2*d - 2*r + c = 0. Let b(u) = -u**3 - u**2 - u - 1. What is b(d)?
5
Let h(f) = -f - 1. Let q(a) = 3*a - 2. Let r(n) = 2*h(n) + q(n). Suppose 4*u = 7*u - 9. Determine r(u).
-1
Let c(t) = -4*t**3 + t**2 + 6*t**3 - 31*t + 31*t - 1. Determine c(1).
2
Let q(z) = 8*z - 1. Let o(d) be the first derivative of -7*d**2/2 + d + 3. Let g(i) = -5*o(i) - 4*q(i). Calculate g(3).
8
Let g(l) be the third derivative of -l**6/720 - l**5/30 - l**4/24 + 2*l**2. Let c(y) be the second derivative of g(y). Give c(-6).
2
Let d(j) = 2*j - 2 - 2 + 12 - 6. What is d(2)?
6
Let n(r) = -r - 11. Let y = 36 - 36. Calculate n(y).
-11
Let g = 7 - 10. Let j(y) be the second derivative of y**3/3 + 15*y. Calculate j(g).
-6
Let w(y) be the third derivative of y**6/120 - y**5/20 - y**4/24 - y**3/3 + 5*y**2. Determine w(3).
-5
Let d(x) = -5*x**3 + x**2 + x. Let h(w) = -w**2 + 3*w - 1. Let v = 0 + 3. Let o be h(v). Give d(o).
5
Let z(f) be the second derivative of -f**3/6 + f**2/2 - 2*f. Determine z(-2).
3
Let d(y) = 2*y - 4*y + y**2 + 0*y + 4 + 6*y. Let p be d(-4). Suppose 2*x = x + 4*a + 13, p*a - 17 = -5*x. Let j(g) = -g + 5. What is j(x)?
0
Let b be (-4 + 3)/(1/(-3)). Let h(a) be the third derivative of a**6/120 - a**5/30 - a**4/8 + 2*a**3/3 + 7*a**2. Calculate h(b).
4
Let a be 0 - 0 - 20/(-4). Let d(y) be the second derivative of -y**3/6 + 3*y**2 - y. Determine d(a).
1
Let l = 0 - 1. Let w(s) = s. Let d(g) = -g - 3. Let p(c) = l*d(c) + 2*w(c). Let i = -4 - -1. Determine p(i).
-6
Let i(y) = y + 10. Let u(j) = j - 7 + 7. Let b be u(-6). Calculate i(b).
4
Let m = -15 - -33. Suppose 2*l - 15 = -5*r - 4, m = 3*r + 5*l. Let z be (r + -3)/(-2*1). Let o(i) = 9*i. What is o(z)?
9
Let t(o) be the first derivative of -5*o**3/6 + 3*o**2/2 + 3*o - 1. Let u(i) be the first derivative of t(i). Determine u(2).
-7
Let w(u) be the first derivative of -4 + 1/4*u**4 + 0*u - u**2 - 2/3*u**3. Let a be 2/(-5) - 17/(-5). Give w(a).
3
Let s(i) = -i**2 + i. Let z(m) = m**2 - 2*m - 1. Let t(n) = -2*s(n) - z(n). Suppose -4*u - 10 = -0*h - h, -3*u = -5*h + 16. Let q be 5*2/h - 3. What is t(q)?
5
Let o(z) be the second derivative of -1/20*z**5 - 1/6*z**3 + 1/2*z**2 - 1/12*z**4 + 5*z + 0. Give o(1).
-2
Let b = 2 - -1. Let l(w) = 3*w**2 + 8*w - 2. Let y(t) = 2*t**2 + 7*t - 2. Let k(o) = -3*l(o) + 4*y(o). Give k(b).
1
Suppose 6*t + 5 = 7*t. Suppose -4*d + 7 = -4*n + 3, -t*n + 15 = 0. Let k(i) = -2*i**2 + 4*i + 2. Calculate k(d).
-14
Let t(v) = 0*v**2 - 3*v**2 + 4*v + 8*v**2 - 3*v + 4 - v**3. What is t(5)?
9
Suppose 1 = c - 8. Let b = -11 + c. Let x(l) = -l**2 - 1. Give x(b).
-5
Let r(u) = 6*u + 9. Let f(l) = 6*l + 7. Let o(m) = 5*f(m) - 4*r(m). Calculate o(-1).
-7
Let t be (-2)/4*6/(-3 - 3). Let n(j) be the first derivative of 4 + j - t*j**2 + 1/4*j**4 + 1/3*j**3. Determine n(-2).
-1
Let w(f) = -f - 3. Let k = -1 - -6. Suppose 25 = -3*z + k*p, -3*z - 18 = -z - 4*p. Give w(z).
2
Let c be -1*(0 + 1) - -2. Let x(o) = o + 1. Let r be x(c). Suppose h - r*h + 5 = 0. Let g(y) = y**2 - 5*y + 1. What is g(h)?
1
Let d(o) = 5 - 1 + o + 6. Suppose -3*k = -2*k. Let x = 0 - k. Give d(x).
10
Let i(o) = 4*o + 3. Suppose t + 30 = -4*t. Let q be t*1/4*2. Determine i(q).
-9
Let v(p) be the third derivative of p**9/60480 + p**8/4032 + p**7/840 + p**6/360 - p**5/60 - 2*p**2. Let n(b) be the third derivative of v(b). Calculate n(-4).
-6
Let j(p) = 2*p - 8. Let n(o) = o**3 + 6*o**2 - o - 5. Let c be n(-6). Suppose -3*l + 17 = -c. Calculate j(l).
4
Suppose -6*v = -4 + 16. Let i(t) be the third derivative of t**6/60 + t**5/60 - t**4/8 - t**3/6 - t**2. Calculate i(v).
-7
Let d(c) be the second derivative of -c**5/20 + 5*c**4/12 + 7*c**3/6 + 5*c**2/2 - 18*c. Determine d(6).
11
Let d(t) = -7*t**2 - 3 + 3*t + 1 + 6*t**2. Let h(x) = -x**2 + 3*x + 3. Let l be h(3). Determine d(l).
